e prime factors of j.
7, 13
Let v = 1 + -1. Suppose v = -3*h - 2*h + 40. Let i = 27 - h. What are the prime factors of i?
19
Let k(d) = -110*d - 13. List the prime factors of k(-7).
757
Let a = -244 + 906. List the prime factors of a.
2, 331
Suppose 3*g = 2*z - 33, -5*z + 3*z + 30 = -2*g. Suppose -5*k + z*k = 196. List the prime factors of k.
2, 7
Suppose -5*l = -72 - 248. Suppose 60*c + 484 = l*c. List the prime factors of c.
11
Let s = -937 + 2150. What are the prime factors of s?
1213
Suppose -5 = m - 12. Let g(j) = j**3 - 6*j**2 - 5*j - 7. List the prime factors of g(m).
7
Suppose n + 0 = 5*u - 5, -4*n - 66 = 3*u. Let w = n + 63. List the prime factors of w.
2, 3
Suppose 2 - 127 = -25*p. List the prime factors of p.
5
Suppose 4*b = 3*v - 3 - 11, b = 5*v - 12. Suppose -3*z = 3*n - 189, 4*z + v*n - 70 = 192. What are the prime factors of z?
2, 17
Suppose 3*p = -3*d + 3, -3 + 0 = p - 3*d. Suppose -9*q + 3*q + 348 = p. What are the prime factors of q?
2, 29
Let y be ((-33)/(-3))/(1/4). Let q be (-1)/(3/48*2). Let r = q + y. List the prime factors of r.
2, 3
Let q(p) = -2*p**3 + 53*p**2 - 27*p + 45. What are the prime factors of q(24)?
3, 11, 23
Let r(p) = p**3 - 8*p**2 - 8*p. Let k be r(9). Let q(m) = -m + 0*m**2 + m**3 + 6 + 0 + k*m**2. List the prime factors of q(-9).
3, 5
Let x(o) = 3*o**2 - 10*o - 6. Let i be x(4). Suppose -f + 72 = i*r + 4*f, 4*f = 5*r - 114. List the prime factors of r.
2, 13
Let v(y) = -10*y - 395. Let w be v(0). Let o = w - -564. List the prime factors of o.
13
Let y = -544 + 1005. List the prime factors of y.
461
Let m = -1839 + 2718. List the prime factors of m.
3, 293
List the prime factors of -38*(-4)/(-10)*(-340)/8.
2, 17, 19
Suppose u + 198 = -117. Let q = u + 623. What are the prime factors of q?
2, 7, 11
What are the prime factors of (32/14)/((-4)/(-5614))?
2, 401
What are the prime factors of 348 + -3 + (-28)/(-4)?
2, 11
Let n = -108 + 84. List the prime factors of 4/n*-1 + (-2278)/(-12).
2, 5, 19
Let x(h) = -h**2 - 21*h - 11. Let a be x(-14). Let p = a + 17. List the prime factors of p.
2, 13
Suppose 2*f - 810 = -3*f. Suppose -6*t - 6 = -f. What are the prime factors of t?
2, 13
Let x(d) = 3*d**2 - 38*d + 1397. List the prime factors of x(29).
2, 1409
List the prime factors of 3/6 - ((-1290)/12 - 4).
2, 7
Suppose 0 = -188*t + 191*t + 18. Suppose 5*g + 32 = 4*p, 2*p - 24 = -p - 3*g. What are the prime factors of -3*p/12 - t?
2
Suppose -4*l = -4*v - 2*l + 74, 5*v = 4*l + 97. Let y(w) = -2*w**2 + 37*w - 6. List the prime factors of y(v).
3, 5
Suppose 36*q + 5 = 37*q. Suppose -2*r - 112 = -4*d, -14 + 184 = q*d + 5*r. List the prime factors of d.
2, 3, 5
Suppose 6*c = c. Suppose -3*h + 96 = -3*d, -7*d - 10 = -5*d. What are the prime factors of 3 + c + -5 + h?
5
What are the prime factors of 3102/4 + (-3)/(-2)?
3, 7, 37
Let o be (-6)/(-10)*-2*(-140)/8. Let b(a) = a**2 - 3*a. Let j be b(4). Suppose -j*f - r + o = 0, 5*f - 3*r - 1 = f. List the prime factors of f.
2
Let i be (-2)/(-4) - (-5)/10. Suppose t - x = 17, 0*x - x - i = 0. Suppose 110 = 5*s - c, s = -0*s - c + t. What are the prime factors of s?
3, 7
Let w(n) = 167*n**2 - 68*n - 3. List the prime factors of w(4).
3, 17, 47
Suppose 0 = 3*d - 4*m - 147 + 31, -89 = -2*d + 5*m. Suppose -d*u + 36*u = 280. List the prime factors of u.
2, 5, 7
Suppose 5*u + 670 = 6*u. What are the prime factors of u?
2, 5, 67
Let g = -20 - -14. Let i(o) = -o**2 - 6*o + 4. Let j be i(g). What are the prime factors of ((-11)/3)/(j/(-36))?
3, 11
Suppose 0*m + 2*f = -m - 11, 3*m - 5*f = -22. Let n be m*2*6/(-4). Suppose -n - 109 = -4*a. List the prime factors of a.
2, 17
Let d(p) = -2 + 40*p**2 - 78*p**2 - 3*p**3 + 36*p**2 - p. Suppose -2*z = 3*k + 16, 5*k - 3*z = z + 10. List the prime factors of d(k).
2
Let f(i) = 178*i**3 + 2*i**2 + 5*i - 8. What are the prime factors of f(2)?
2, 3, 239
Let h be (-5)/(-30) - (-71)/6. Let y(i) = i**3 - 11*i**2 - 7*i - 14. What are the prime factors of y(h)?
2, 23
Let j(i) = -9*i**2 - 3*i + 5*i**3 - 4*i**3 + 17 + 4 - 3. What are the prime factors of j(10)?
2, 11
Let g(d) = 1080*d**2 + 12*d + 8. List the prime factors of g(-1).
2, 269
Let u = 87 - 85. Suppose w = -2*g + 107, -15 = -u*g - 2*w + 93. List the prime factors of g.
53
Let y(n) = -n**3 + 16*n**2 - 16*n + 18. Let t be y(15). Suppose -2*i - 10 = 0, -3*r + 4*i = -5 - t. What are the prime factors of r/(-12)*3 - -23?
2, 3
Suppose 45 + 100 = 5*w. List the prime factors of w + 20/5 + -2.
31
Suppose -17*b - 9504 = -33*b. List the prime factors of b.
2, 3, 11
Let o(j) = -18*j + 4. Suppose 0 = 2*r - 32 + 24. Suppose -r*k - 4 + 1 = -5*s, -k = -2*s. What are the prime factors of o(k)?
2, 5
Suppose -4*n + 5*n = 0. Suppose n = z + z - 2. What are the prime factors of z/((1 - 2)/(-17))?
17
Suppose 7*y - 2*y + 50 = 0. Let v = 12 + y. Suppose 0*u - u - v*h + 4 = 0, 0 = -4*h + 4. What are the prime factors of u?
2
What are the prime factors of -25 + 205 - (-1 - 0)?
181
List the prime factors of 20335/30 + 1/6.
2, 3, 113
Let s be (-2 + (3 - -1))/(-2) - -13. Suppose 225 + 111 = s*g. List the prime factors of g.
2, 7
Let m(p) = 105*p**2 + 13*p + 127. List the prime factors of m(-6).
7, 547
Let x = 142 - 96. Suppose 0 = 5*p + 5*q - 6 - 24, 2*p = 5*q - 9. List the prime factors of p/(1/x*6).
23
Let r(s) = -13*s**3 - 1. Let f be r(1). Let y(o) = -3*o + 16. Let b(n) = 4*n - 17. Let g(i) = -4*b(i) - 5*y(i). List the prime factors of g(f).
2
Suppose 19 - 204 = 5*a. Let g = a + 99. Let t = g - 0. List the prime factors of t.
2, 31
Suppose d + 6*o = 2198, 2*d + 5*o + 2176 = 3*d. What are the prime factors of d?
2, 1093
Let v = 18 + 8. What are the prime factors of (274/8 - 0)*(-22 + v)?
137
Suppose j + 2576 = 5*s, 0*s + 5*s - 4*j - 2579 = 0. Suppose 7*v = 2*v + s. List the prime factors of v.
103
Let j(f) be the second derivative of f**5/20 + 5*f**4/6 + 4*f**3/3 - 6*f**2 - 2*f + 10. List the prime factors of j(-6).
2, 3, 7
Suppose 3*f - 5*l = -2*l + 66, -f + 14 = -5*l. Suppose -2*q + 12 = -f. Suppose -2*i + 3*i = -2*n + 48, q = n + 2*i. List the prime factors of n.
2, 13
Let x = 20 - 2. Let t be x/30 + 96/(-10). What are the prime factors of (-320)/(-12) + (-3)/t?
3
Suppose 964 = 26*x - 22*x. List the prime factors of x.
241
Let t = -491 - -852. What are the prime factors of t?
19
Let r(d) = -d**3 - 15*d**2 + 25*d + 31. List the prime factors of r(-17).
2, 23
Let v = 3007 - 1601. List the prime factors of v.
2, 19, 37
Let k(t) be the third derivative of t**5/20 - t**4/3 - 2*t**3/3 + 5*t**2 - 4*t. Let x = 5 + 1. List the prime factors of k(x).
2, 7
Let q(i) = -2 + i + 2 - 2*i. Let b be q(1). List the prime factors of (-18)/(2/b) + -2.
7
Let g(c) = 112*c + 34. Let r be g(11). What are the prime factors of -6*8/(-64) - r/(-8)?
3, 53
Let s(o) = -4*o - 13. Suppose 19 - 59 = 4*f. What are the prime factors of s(f)?
3
Let w(t) = t**2 + 270. Suppose -3*b + b = 0. Let a be w(b). Suppose 5*r + r = a. What are the prime factors of r?
3, 5
Suppose 0*b + 2*s = -5*b + 608, 0 = -5*s + 20. Let c = b + -17. List the prime factors of c.
103
Suppose 2*k = 3*h + 10026, 2 = -7*h + 6*h. List the prime factors of k.
2, 3, 5, 167
Let w(f) = 3*f**2 - 3*f + 2. Let i be 1/(3*(-4)/(-48)). Let o be w(i). Suppose -q = -2*q + 2*r + 5, o = 4*q - 2*r. What are the prime factors of q?
11
Let n(j) = 5*j**2 - 2*j + 3. Let r be n(-7). Suppose r*f = 267*f - 1015. List the prime factors of f.
7, 29
Let r = 8 - -478. List the prime factors of r.
2, 3
What are the prime factors of (-165)/2*76/(-95)?
2, 3, 11
Let w(d) = d**2 - 4*d + 5. Let h be w(5). Suppose h = 3*u - 5. Suppose 5*r + 3*a - 331 = -14, -u*r = 5*a - 315. What are the prime factors of r?
2
Let k(w) = -38*w**3 + 2*w**2 - 3*w + 2. Let y be -2*3/6*-2. Let a be k(y). List the prime factors of (2/(-3))/(10/a).
2, 5
Suppose 12 = -0*f + 4*f. Suppose 4*x = -4*d + 5 + f, 2*d = 3*x + 19. Suppose -v + 63 = d*m, m + m - 21 = v. What are the prime factors of m?
2, 3
Let u(w) = -80*w - 199. What are the prime factors of u(-8)?
3, 7
Let g(d) = -d**2 + 6*d. Let z be g(4). Let f be (1 - 18/z)*-4. Let x(v) = -v**3 + 6*v**2 - 4*v + 10. What are the prime factors of x(f)?
3, 5
Let v be (-9)/(-18)*(-30)/(-3). Suppose -4*c - v*j + 816 = 0, 0*c + 3*c + 5*j = 612. List the prime factors of c.
2, 3, 17
Let u = -139 -